463?
76463
What are the prime factors of 16235?
5, 17, 191
List the prime factors of 139011.
3, 46337
What are the prime factors of 63953?
31, 2063
List the prime factors of 12144.
2, 3, 11, 23
List the prime factors of 397.
397
What are the prime factors of 66133?
41, 1613
List the prime factors of 106817.
223, 479
List the prime factors of 17176.
2, 19, 113
List the prime factors of 4032.
2, 3, 7
What are the prime factors of 13393?
59, 227
What are the prime factors of 1944?
2, 3
List the prime factors of 15232.
2, 7, 17
List the prime factors of 784.
2, 7
What are the prime factors of 149925?
3, 5, 1999
List the prime factors of 30819.
3, 10273
What are the prime factors of 101824?
2, 37, 43
What are the prime factors of 29797?
83, 359
What are the prime factors of 49193?
49193
List the prime factors of 27257.
97, 281
What are the prime factors of 4584?
2, 3, 191
List the prime factors of 879.
3, 293
List the prime factors of 55082.
2, 27541
What are the prime factors of 2615?
5, 523
List the prime factors of 29603.
7, 4229
List the prime factors of 18269.
18269
What are the prime factors of 18386?
2, 29, 317
What are the prime factors of 613?
613
List the prime factors of 7388.
2, 1847
List the prime factors of 70.
2, 5, 7
What are the prime factors of 2133?
3, 79
List the prime factors of 21432.
2, 3, 19, 47
List the prime factors of 47725.
5, 23, 83
What are the prime factors of 3857?
7, 19, 29
What are the prime factors of 2820?
2, 3, 5, 47
List the prime factors of 1319.
1319
List the prime factors of 432.
2, 3
What are the prime factors of 851?
23, 37
What are the prime factors of 1848?
2, 3, 7, 11
What are the prime factors of 1195?
5, 239
What are the prime factors of 133669?
133669
List the prime factors of 14763.
3, 7, 19, 37
What are the prime factors of 11653?
43, 271
What are the prime factors of 66117?
3, 22039
What are the prime factors of 1000?
2, 5
List the prime factors of 656.
2, 41
List the prime factors of 4802.
2, 7
What are the prime factors of 968?
2, 11
What are the prime factors of 26924?
2, 53, 127
What are the prime factors of 77462?
2, 7, 11, 503
List the prime factors of 4995.
3, 5, 37
What are the prime factors of 11361?
3, 7, 541
What are the prime factors of 1434?
2, 3, 239
What are the prime factors of 900?
2, 3, 5
List the prime factors of 294.
2, 3, 7
What are the prime factors of 319?
11, 29
What are the prime factors of 432?
2, 3
List the prime factors of 2133.
3, 79
What are the prime factors of 991?
991
What are the prime factors of 53506?
2, 31, 863
List the prime factors of 28802.
2, 14401
List the prime factors of 3720.
2, 3, 5, 31
What are the prime factors of 3249?
3, 19
What are the prime factors of 106?
2, 53
List the prime factors of 561.
3, 11, 17
List the prime factors of 1818.
2, 3, 101
List the prime factors of 7558.
2, 3779
List the prime factors of 1222.
2, 13, 47
List the prime factors of 67192.
2, 37, 227
List the prime factors of 2551.
2551
List the prime factors of 17554.
2, 67, 131
What are the prime factors of 168477?
3, 89, 631
List the prime factors of 2145.
3, 5, 11, 13
What are the prime factors of 70861?
7, 53, 191
List the prime factors of 3391.
3391
List the prime factors of 11478.
2, 3, 1913
List the prime factors of 87.
3, 29
List the prime factors of 256.
2
List the prime factors of 39728.
2, 13, 191
What are the prime factors of 74073?
3, 24691
What are the prime factors of 9566?
2, 4783
What are the prime factors of 7960?
2, 5, 199
List the prime factors of 75572.
2, 7, 2699
What are the prime factors of 18547?
17, 1091
What are the prime factors of 64179?
3, 2377
List the prime factors of 1888.
2, 59
List the prime factors of 16749.
3, 1861
List the prime factors of 3186.
2, 3, 59
List the prime factors of 369.
3, 41
List the prime factors of 83.
83
What are the prime factors of 392?
2, 7
What are the prime factors of 7898?
2, 11, 359
What are the prime factors of 20645?
5, 4129
What are the prime factors of 64605?
3, 5, 59, 73
List the prime factors of 938.
2, 7, 67
What are the prime factors of 1272?
2, 3, 53
What are the prime factors of 7708?
2, 41, 47
What are the prime factors of 5697?
3, 211
What are the prime factors of 859?
859
What are the prime factors of 703?
19, 37
What are the prime factors of 1213?
1213
List the prime factors of 11481.
3, 43, 89
List the prime factors of 3649.
41, 89
What are the prime factors of 57422?
2, 28711
List the prime factors of 929.
929
What are the prime factors of 3481?
59
List the prime factors of 1393.
7, 199
List the prime factors of 56398.
2, 163, 173
List the prime factors of 1357.
23, 59
List the prime factors of 12039.
3, 4013
What are the prime factors of 3950?
2, 5, 79
List the prime factors of 728.
2, 7, 13
List the prime factors of 271.
271
List the prime factors of 3451.
7, 17, 29
List the prime factors of 2854.
2, 1427
What are the prime factors of 2604?
2, 3, 7, 31
What are the prime factors of 280?
2, 5, 7
List the prime factors of 971.
971
What are the prime factors of 117627?
3, 39209
What are the prime factors of 175539?
3, 7, 13, 643
What are the prime factors of 380?
2, 5, 19
List the prime factors of 1397.
11, 127
What are the prime factors of 37599?
3, 83, 151
List the prime factors of 100401.
3, 7, 683
What are the prime factors of 2790?
2, 3, 5, 31
List the prime factors of 52564.
2, 17, 773
List the prime factors of 5210.
2, 5, 521
List the prime factors of 19143.
3, 709
List the prime factors of 37769.
179, 211
What are the prime factors of 689?
13, 53
List the prime factors of 30780.
2, 3, 5, 19
What are the prime factors of 46486?
2, 11, 2113
List the prime factors of 20469.
3, 6823
List the prime factors of 4669.
7, 23, 29
What are the prime factors of 11069?
11069
List the prime factors of 17987.
17987
List the prime factors of 14579.
61, 239
List the prime factors of 1921.
17, 113
What are the prime factors of 834?
2, 3, 139
List the prime factors of 6683.
41, 163
List the prime factors of 75472.
2, 53, 89
List the prime factors of 43479.
3, 4831
What are the prime factors of 9712?
2, 607
What are the prime factors of 20833?
83, 251
What are the prime factors of 307?
307
What are the prime factors of 1727?
11, 157
What are the prime factors of 11877?
3, 37, 107
List the prime factors of 326.
2, 163
List the prime factors of 24799.
24799
List the prime factors of 3962.
2, 7, 283
List the prime factors of 7072.
2, 13, 17
What are the prime factors of 892?
2, 223
List the prime factors of 3085.
5, 617
List the prime factors of 3858.
2, 3, 643
List the prime factors of 1367.
1367
What are the prime factors of 7103?
7103
List the prime factors of 22707.
3, 29
What are the prime factors of 180?
2, 3, 5
List the prime factors of 56009.
56009
What are the prime factors of 83887?
149, 563
List the prime factors of 19758.
2, 3, 37, 89
What are the prime factors of 6060?
2, 3, 5, 101
List the prime factors of 1363.
29, 47
What are the prime factors of 1750?
2, 5, 7
What are the prime factors of 56845?
5, 11369
What are the prime factors of 24300?
2, 3, 5
List the prime factors of 128181.
3, 42727
What are the prime factors of 11604?
2, 3, 967
What are the prime factors of 46524?
2, 3, 3877
List the prime factors of 5860.
2, 5, 293
List the prime factors of 903.
3, 7, 43
What are the prime factors of 1965?
3, 5, 131
List the prime factors of 56753.
19, 29, 103
List the prime factors of 5427.
3, 67
List the prime factors of 817.
19, 43
What are the prime factors of 922?
2, 461
List the prime factors of 146.
2, 73
What are the prime factors of 703?
19, 37
List the prime factors of 26741.
11, 13, 17
What are the prime factors of 5203?
11, 43
What are the prime factors of 51294?
2, 3, 83, 103
What are the prime factors of 27627?
3, 9209
List the prime factors of 2293.
2293
What are the prime factors of 10948?
2, 7, 17, 23
What are the prime factors of 679?
7, 97
List the prime factors of 15536.
2, 971
List the prime factors of 50441.
50441
What are the prime factors of 122?
2, 61
What are the prime factors of 16059?
3, 53, 101
List the prime factors of 22353.
3, 7451
List the prime factors of 36796.
2, 9199
What are the prime factors of 3784?
2, 11, 43
List the prime factors of 5531.
5531
What are the pri